of 3 and s?
3
Suppose 2*y - 64 + 0 = 0. What is the greatest common divisor of 8 and y?
8
Let a = -19 + 39. Let p be a/4 - (-3 - 0). Calculate the highest common divisor of p and 64.
8
Let q = 8 + -4. Suppose 0 = -3*i + i + q. What is the highest common factor of i and 18?
2
Let y = -7 + 9. Suppose 4*s - y*s = 180. What is the greatest common factor of 15 and s?
15
Let l = -59 + 124. Calculate the highest common factor of 39 and l.
13
Suppose p + p = 4. Calculate the greatest common divisor of 2 and p.
2
Suppose 0 = -0*z + 3*z, i - 5*z = -14. Let r be (-2)/i - (-16785)/105. What is the highest common divisor of r and 16?
16
Let l be 1/(-3)*(1 - 13). Suppose -2*z + l = -z. Suppose 4*v + z = 84. Calculate the highest common divisor of v and 140.
20
Let v(r) = -r**3 - 6*r**2 - 6*r - 3. Let k be v(-5). Suppose -k*l - 12 = -3*b + 3*l, 5*b - 2*l = 39. Calculate the greatest common divisor of 27 and b.
9
Suppose 6*j = 17 + 187. Let z be ((-12)/(-10))/(4/10). Let h be (-1)/z - (-462)/9. Calculate the greatest common divisor of j and h.
17
Let l(r) = -r**3 - 5*r**2 - 8*r + 4. Let j be l(-6). Suppose 0 = -5*y + 208 - j. Calculate the greatest common factor of 168 and y.
24
Let j = 9 + -5. Suppose j = 2*g, 3*l + g - 42 = -l. Calculate the greatest common factor of 40 and l.
10
Let s = 81 - 27. What is the highest common factor of s and 18?
18
Let a = 47 + -34. Calculate the greatest common divisor of 13 and a.
13
Suppose -4*h = 4*m - 296, 4*h = m - 0*m - 89. Calculate the highest common factor of m and 11.
11
Suppose 2*o - 146 = -16. Let w = o + -43. What is the highest common factor of w and 33?
11
Let z(a) = -a**2 + 6*a - 5. Let y be z(4). Suppose -8 - 29 = -5*k - c, -4*k - y*c = -23. Calculate the greatest common divisor of 12 and k.
4
Suppose 4*c = -5*d + 150, 5*d = -c + 159 - 9. Let h = -18 - -9. Let i = 6 - h. What is the highest common factor of i and d?
15
Let j = -2 - -9. What is the greatest common divisor of j and 56?
7
Let v be (0 - -1*35) + -2. What is the highest common divisor of v and 33?
33
Let t(o) = 2*o**2 - 12*o + 13. Let y be t(8). Calculate the greatest common factor of 5 and y.
5
Let u = 6 + 26. What is the highest common factor of u and 48?
16
Suppose 2*c - 5*y - 230 = -1027, 5*c + y + 1952 = 0. Let n be c/(-4) + (-2)/(-8). Let k = -10 - -24. What is the greatest common divisor of n and k?
14
Let a(s) = s**2 - 3*s - 4. Let x be a(5). Let l = -4 + x. What is the greatest common factor of 2 and l?
2
Let c = -13 + 14. Let p be (-13)/(-4) - c/4. Calculate the greatest common factor of p and 9.
3
Let m be (-2 + 1)*(-6 - (-1 - 1)). Calculate the highest common divisor of 3 and m.
1
Suppose -z - 1 = -58. Calculate the greatest common divisor of 19 and z.
19
Suppose 2*f + 0*f - 12 = 0. Suppose -2*h + 6 = -f. Calculate the highest common factor of 15 and h.
3
Let l(p) = 3*p - 4. Let o be l(6). Suppose -m - 42 = -4*m. What is the highest common divisor of m and o?
14
Let t(x) = -x + 1 + 2*x**2 + x + 3*x. Let s be t(3). What is the greatest common divisor of s and 7?
7
Let k be (-30)/9*(-3)/2. Let c(u) = -u**2 + 6*u + 7. Let i be c(k). Let a(o) = -24*o. Let f be a(-4). What is the highest common factor of f and i?
12
Let p(u) = -u. Let b be p(-2). Suppose 3*i - 20 = -b*i. Suppose -c + i*m + 63 = 0, 2*m + 104 = 2*c + 5*m. What is the highest common factor of 11 and c?
11
Let c(z) = z + 12. Let k be c(-13). Let x be 9/((-8)/(-7) + k). Calculate the highest common divisor of x and 9.
9
Suppose y = -3*n + 21 + 17, -5*n = y - 46. Calculate the greatest common factor of 65 and y.
13
Let z be (0 + 1)/2*0. Let x be 4/(0 + 1 + z). Suppose x*r - r = 72. Calculate the greatest common factor of 16 and r.
8
Suppose 0 = -4*b - t + 5, -2*b - 5*t + 1 = -6*b. Calculate the highest common factor of 5 and b.
1
Let m(b) = -2*b + 1. Let y be m(-6). Let c be 15/((-2)/56*-2). Suppose -3*i + c = 3*o, 2*i - 3*o + 40 = 155. Calculate the greatest common divisor of i and y.
13
Let l be (-19 + 13)/(1/(-42)). Calculate the highest common factor of 28 and l.
28
Let j be 5/(10/11) - (-1)/2. Calculate the highest common factor of 48 and j.
6
Let x(u) = u**2 + 3*u - 5. Let f be x(2). What is the highest common factor of f and 40?
5
Suppose -5*b + 41 = -9. Let z = -1 - -5. Calculate the highest common factor of b and z.
2
Let t = -15 + 29. Calculate the highest common factor of t and 70.
14
Let g = 35 - 19. What is the greatest common factor of 40 and g?
8
Suppose 5*x - 47 = 3*d, -3*x + 2*d = -18 - 10. Calculate the highest common factor of x and 15.
5
Let k = -49 - -81. Calculate the greatest common divisor of 8 and k.
8
Suppose -2*q = 3*m - 12, -3*q = -6*q - 3*m + 18. Let d(v) = v**3 - v**2. Let s be d(0). Let h = 2 - s. Calculate the highest common divisor of q and h.
2
Let b(d) = d + 1. Let w be b(5). What is the highest common divisor of 48 and w?
6
Let b = -6 - -13. Suppose q + 0*l + 4*l - 23 = 0, -q + 19 = 3*l. What is the greatest common factor of b and q?
7
Let a be 4/(-4)*2 - -77. Let j be 2/((-13)/15 + 1). What is the greatest common factor of j and a?
15
Let j be -1 - -2 - (-5 + 2). Suppose -3*n - j = -5*n. Suppose -8 + 28 = n*x. What is the greatest common factor of x and 90?
10
Suppose 0 = -4*f + q + 15, 17 + 7 = 4*f - 4*q. Let r(m) = -m**3 - 2*m**2 - 3*m - 3. Let k be r(-2). Calculate the greatest common divisor of f and k.
3
Suppose 0 = 8*y - 3*y - 70. What is the greatest common divisor of 14 and y?
14
Suppose -4*l = 5*x - 11, 2*x + 22 + 24 = 4*l. Let s(u) = 3*u**2 + 5*u - 3. Let r be s(6). Suppose -a - 2*a = -r. What is the greatest common divisor of a and l?
9
Suppose 0*i + 6 = i. Suppose -5*h + 301 = q, -i*q + 4*q = -3*h + 178. Let a = h + -43. Calculate the greatest common factor of 68 and a.
17
Suppose -4*w + 4 = -n + 2, -4 = 2*w + 2*n. Let i = 3 - w. Calculate the greatest common factor of 3 and i.
3
Suppose 0 = -0*o - 2*o + 10. Suppose -32 = -o*x + 3*x. Let t be (x/(-6))/(2/(-6)). What is the greatest common factor of 72 and t?
8
Let a be (1 + 0)*(-6)/(-1). Let g be ((-8)/(-4))/(2/(-29)). Let m = g - -95. Calculate the highest common divisor of m and a.
6
Let x be 1*-4*12/16 - -35. Let c be (-31)/(-2) - (-3)/6. What is the highest common factor of x and c?
16
Suppose -155 = -4*f - 5*w - 24, 4*f = 3*w + 139. Suppose -f = 5*c - 749. Calculate the greatest common factor of c and 13.
13
Suppose -q + 7*s - 2*s - 24 = 0, 0 = -3*s + 15. Let t be ((-12)/q)/((-6)/8). What is the greatest common divisor of t and 16?
16
Suppose 55 + 130 = 5*z - 5*g, -4*z + 2*g + 138 = 0. Let x = z + -19. Calculate the highest common factor of 104 and x.
13
Suppose 64 = 4*u + 5*x, 0 = 4*u + 2*x - 5*x - 64. Let s be ((14 - 0) + 2)*2. Calculate the highest common divisor of s and u.
16
Let r = -1053 - -2129. Let v be r/18 - 4/(-18). What is the greatest common divisor of v and 40?
20
Suppose 4*j = 3*j + 3. Let u = j + 11. Let l = 15 - -6. Calculate the highest common divisor of u and l.
7
Let y = -1 - -3. Let u be 4/2*6/(-4). Let r be (-4)/(-6)*u*-5. Calculate the greatest common factor of y and r.
2
Let r be 3*-1*(-40)/6. Suppose -3*t - 49 = -2*v, -4*v - 5*t = v - 85. What is the highest common divisor of v and r?
20
Suppose -2*r = -n + 8, 4*n - 4*r - 22 = 10. Let x(m) = -13*m**3 - m**2 + m + 1. Let j be x(-1). Calculate the greatest common divisor of j and n.
4
Suppose 0 = -2*j + 5*j. Suppose -4*f + 33 - 1 = j. Let v(s) = 2*s**2 + 11*s - 8. Let x be v(f). Calculate the highest common divisor of x and 26.
26
Suppose -s + 85 - 76 = 0. Let x = -4 - -2. Let r be (9/x)/(2/(-36)). Calculate the greatest common divisor of s and r.
9
Suppose 0 = -m - h + 2, 0 = 3*h + 2 + 13. What is the highest common divisor of 28 and m?
7
Let j = -57 - -159. Let p(q) = -7 + 3*q**2 - q**2 - 3*q**2 + 10*q. Let b be p(6). Calculate the highest common factor of b and j.
17
Let b(q) = q**2 - 3*q + 6. Let k be b(4). Suppose 2*n + n + 15 = 0. Let m(y) = -5*y - 5. Let c be m(n). What is the greatest common divisor of c and k?
10
Suppose 0 = -5*q + n + 1115, -q + 5*n = -194 - 5. What is the greatest common factor of q and 32?
32
Suppose -4*n + n = -15. Suppose -12 = -2*j - 2*j. Let m = -1 + j. Calculate the greatest common divisor of n and m.
1
Suppose 2*a + 50 = z + 3*z, -2*z + 21 = 3*a. What is the highe